4*g**2 - 26*g - 470. What is the units digit of z(-33)?
6
Let f(w) = 14*w**2 + 16*w - 542. What is the thousands digit of f(30)?
2
What is the hundreds digit of ((-457)/4)/(340/(-111520))?
4
Let o(c) = c + 25. Let w be o(9). Suppose -w*j - 3143 = -41*j. What is the hundreds digit of j?
4
Suppose -d - 1 = 3*a + 4, -7 = 2*d + 3*a. Let b be d*(5/20)/((-2)/2252). Suppose 0 = -10*g + b + 687. What is the units digit of g?
5
Suppose 5*g + 3*i - 230 = -0*i, -2*g + 93 = i. Suppose 0 = -g*j + 52*j - 351. Let b = j - 11. What is the hundreds digit of b?
1
Let i(o) = -19*o - 67. Suppose -5*h = 7 + 43. What is the tens digit of i(h)?
2
Let a(h) = 3*h**2 + h + 2. Let p be a(-4). Let i = -56 + p. What is the units digit of (52/i)/(3 - (-93)/(-30))?
2
Suppose h - 4*m = -36, 5*m + 34 = -3*h - 91. Let p = 42 + h. Suppose 4*b - p*c - 24 = 130, -5*b = 4*c - 173. What is the tens digit of b?
3
Let a(b) be the third derivative of -b**6/60 + 7*b**5/15 + 5*b**4/8 + 16*b**3/3 + b**2 - 4*b. What is the hundreds digit of a(14)?
2
Let h = 47 + -47. Suppose 0 = 3*j, -y + 2 = -h*y + 4*j. Suppose 0 = -y*p - 3*r + 163, 2*p + 0*p - r = 175. What is the units digit of p?
6
Suppose -221*l + 214*l = -28. What is the hundreds digit of l/(80/5445) - 6/24?
2
Let y = 9081 - 5887. What is the tens digit of y?
9
Suppose -9*v + 1248 = -6*v. Let n(c) = -v*c**2 - 2*c - 23 - 10*c + 417*c**2. What is the units digit of n(14)?
5
Suppose 0 = -37*b - 3*b + 16640. Let v = 1320 - b. What is the units digit of v?
4
Suppose -4*s = 3*s - 553. Suppose 4*h + 37 = -s. Let q = h - -139. What is the units digit of q?
0
Let v(l) = -2*l + 33. Let q be v(5). Let r(o) = o**2 + 2*o - 2. What is the units digit of r(q)?
3
Let k = 24402 - 706. What is the units digit of k?
6
Suppose -751 = -2*s - 3*u, 5*u + 296 = 2*s - 479. Let z = s + -123. What is the units digit of z?
7
Let m be (-27 - -14) + (-4 - -2). Let y(x) = -x**3 - 9*x**2 + 24*x + 72. What is the hundreds digit of y(m)?
0
Let h(b) = 323*b. Let m be h(1). Suppose -m = -k + 5*t, 5*t = 5*k + 660 - 2195. What is the tens digit of k?
0
Suppose -2*q - 3*s = -2*s - 44370, 3*q = -7*s + 66533. What is the ten thousands digit of q?
2
Let l(a) = 4*a**3 + 7*a**2 + 33*a - 6. What is the units digit of l(10)?
4
What is the thousands digit of 3/6*(-6 + -21302)/(-2)?
5
Let w(y) = -95*y - 101. Let o be (-33)/4 + 21/(-28). What is the hundreds digit of w(o)?
7
Let d(p) = -p**3 - 5*p**2 - 3*p - 9. Let h be d(-6). Let m(j) = -j**2 + 48*j + 6. What is the hundreds digit of m(h)?
1
Let w = 98322 - 67876. What is the thousands digit of w?
0
Let v(j) = 2*j**2 - 14*j - 119. Let x be v(12). Let a(i) = 1863*i**3 - 3*i**2 + 4*i - 2. What is the units digit of a(x)?
2
Let q = 584 + -582. What is the units digit of q/6 - 1249/3*-2?
3
Let u(v) = -v + 341. Let r be u(-13). Let g be (1 + -133)*(-6)/(-4). Let t = g + r. What is the hundreds digit of t?
1
Suppose 0 = -4*t - 24, -66*t - 12000 = -a - 62*t. What is the ten thousands digit of a?
1
Suppose 16*k = 11*k + 2650. Suppose 3*o - 16 + 1 = 0, -5*l - 2*o = -k. What is the tens digit of l?
0
Let h = -491 - -491. Suppose -3*u - 34*u + 24568 = h. What is the hundreds digit of u?
6
Let h = -103 + 100. Let i be (2/h - 14/(-12))*16. What is the units digit of 37*(i - 3) + (6 - 9)?
2
Suppose -2*x + 3*t = -5754, 13810 + 575 = 5*x + 5*t. What is the units digit of x?
7
Suppose -5*g - 16 = z, 4*z - 40 = -z + 5*g. Suppose 2*c = z*m - 18, 3*c + 2*m - 4*m + 7 = 0. What is the units digit of c/(-1)*3 - -61?
8
Let d be (-1)/((-2)/(-12) + (-35)/(-42)). Let t be (6*d/(-2) + -6)*-1. Suppose 233 + 469 = t*a. What is the units digit of a?
4
Let k(d) be the first derivative of d**3/3 + 5*d**2/2 + 3*d + 15. Let h be k(-5). Suppose -h*l = -l - 232. What is the tens digit of l?
1
Suppose 5*c - 535 = -510, 2*u + 7*c = 19915. What is the thousands digit of u?
9
Suppose -157543 = 3*n - v, -8*v + 12*v + 262566 = -5*n. What is the tens digit of n/(-693) - (-2)/9?
7
Suppose -289*x - 125488 = -305*x. What is the hundreds digit of x?
8
Let f be (6/4 + -3)*(-4)/6. Let z be (-77)/(-42) - f/(-6). What is the units digit of (37 - z)*(-84)/(-30)?
8
Let r = 244 + -237. Suppose -1836 = 3*d - r*d. What is the tens digit of d?
5
Let u = 117 - 102. Suppose -323 = u*w - 1343. What is the units digit of w?
8
Let q = 10297 + -2241. What is the tens digit of q?
5
Let i(n) = -n**2 - 9*n - 4. Let r be i(-6). Let j be (0/(-22))/(-1 - -6) + -84. What is the tens digit of (-4)/r + (-1788)/j?
2
Let h(d) = 907*d + 6215. What is the hundreds digit of h(14)?
9
Suppose -16*p + 465 + 5391 = 0. What is the units digit of 411140/p - 4/(-6)?
4
Suppose 1512 = 4*o - 812. Let i(r) = -r**3 - 16*r**2 + 54*r + 674. Let v be i(-18). Let w = o - v. What is the units digit of w?
1
Let s = 325 - 217. Suppose s*f = 107*f + 737. What is the hundreds digit of f?
7
Let j(c) = -10*c + 12. Suppose 39 = -11*r + 12*r. Suppose -4*b = -2*x - 0 + 6, -5*b = 2*x + r. What is the units digit of j(x)?
2
Let h(g) = 7*g - 54. Suppose 0 = 5*f + 534 - 159. Let o be 3/(f/(-485)) - 9/(-15). What is the tens digit of h(o)?
8
Let k(b) = 4020*b**2 + 753*b + 2250. What is the tens digit of k(-3)?
7
Let i(c) be the first derivative of -4*c**2 + 83*c + 46. What is the hundreds digit of i(-9)?
1
Suppose 2*j = -4*n + 9332, -9*j - 2336 = -n - 8*j. Suppose -n = -11*h - 519. What is the tens digit of h?
6
Let t(m) = -m**2 + 119*m - 626. What is the units digit of t(74)?
4
What is the units digit of 18/144 - (-288830)/16?
2
Suppose -10*w - 3 = -23. Suppose 3*r + w*a = 2, -4*r = -a + 3 - 2. Suppose 57*x - 56*x - 144 = r. What is the tens digit of x?
4
Let n(o) be the second derivative of 0 + 1/12*o**4 - 13*o**2 - 2/3*o**3 + 11*o. What is the units digit of n(11)?
1
What is the tens digit of (468/(-54))/((-4)/3222)?
8
Suppose -9*q + 6*q + 3453 = 0. Let w = q - -856. What is the tens digit of (4/(-6))/((-6)/w)?
2
Let v(x) = 77 - 1 + 52 + x**2 - 11*x. What is the units digit of v(0)?
8
What is the tens digit of 3 - -4 - 10503/18*-12?
0
Suppose 0 = -g - 4*i + 213, -4*i = 5*g + 264 - 1409. Suppose -231*a = -g*a + 234. What is the units digit of a?
7
Let j = 1539 + 3510. What is the tens digit of j?
4
Suppose 784 = 82*f - 78*f. Suppose 6*i + 351 = 3*i. Let t = i + f. What is the tens digit of t?
7
Let z(j) = 157*j**2 + 16*j - 2. What is the hundreds digit of z(7)?
8
Suppose 3*w - 20 = -w. Suppose -w*r + 6 = n - 3*r, -3*r = -3*n + 18. Suppose -14 + 200 = n*j. What is the tens digit of j?
3
Let a be 15/(((-42)/455)/6). Let n = a + 1733. What is the tens digit of n?
5
Suppose 0 = 5*q - 2*a - 25, 3*q - 2*a - 16 = q. What is the hundreds digit of 4 - ((-1638)/(-6))/(-1)*q?
8
Let l(o) = 6*o - 3. Let m be l(1). Let j be 4 + 68/1 - m. Let p = j - 26. What is the tens digit of p?
4
Let h(o) = 4*o**2 - 102*o - 7510. What is the ten thousands digit of h(-72)?
2
Let i(u) = 3*u**2 + 11*u - 214. Let m be i(26). Suppose m = 4*y - 4*g, -8*y + 10*y - 1070 = -2*g. What is the hundreds digit of y?
5
Let m(r) = -6*r - 8. Let o(f) = -f**2 + 3*f - 2. Let t be o(0). Let j be m(t). Let d(i) = 15*i + 10. What is the units digit of d(j)?
0
Suppose 3*l = 3*z + 1050 + 381, l - 5*z = 473. Let f = 42 + l. What is the units digit of f?
0
Let d(o) = -o**3 + 7*o**2 + 11*o - 21. Let m be d(8). Suppose -w + 156 = -m*w. Let f = w - -81. What is the units digit of f?
3
Let t(z) = -2*z**3 + 207*z**2 + 250*z - 206. What is the units digit of t(103)?
3
Let b be -6 + 5 + 4 + (0 - 1). Suppose -4*g = b*v - 208, 5*v = 2*v + 2*g + 344. What is the units digit of v?
2
Let d(w) = 34*w - 57*w + 22 + 25*w - 2. What is the tens digit of d(4)?
2
Let g(a) = a**3 + 5*a**2 - 11*a - 14. Let t be 45/(-20)*(-8)/3. What is the units digit of g(t)?
6
Let x(g) = g - 6. Let k be x(6). Suppose -w = f - 7, k = 5*w - 0*f + 2*f - 32. Suppose w + 46 = h. What is the tens digit of h?
5
Suppose 5*y + 12 + 138 = -2*d, -3*d - 127 = 4*y. Let p(q) = 2*q**2 + 9*q + 10. Let s be p(-8). Let t = y + s. What is the units digit of t?
8
Let y be (-1)/(-5) + ((-18)/15 - -1). Suppose y = 4*u - 2*p - 502, -u + 127 = -0*u - 2*p. Let l = 231 - u. What is the units digit of l?
6
Let a = 5499 - -3532. What is the hundreds digit of a?
0
Let w = -3636 + 4686. What is the thousands digit of w?
1
What is the tens digit o